{"id":1028,"date":"2013-05-06T09:05:46","date_gmt":"2013-05-06T08:05:46","guid":{"rendered":"http:\/\/www.freiraumk.com\/?page_id=1028"},"modified":"2013-05-11T12:17:43","modified_gmt":"2013-05-11T11:17:43","slug":"bucher-brennen-gut","status":"publish","type":"page","link":"http:\/\/www.freiraumk.com\/?page_id=1028","title":{"rendered":"10.05.2013 B\u00fccher brennen gut"},"content":{"rendered":"<p>10. Mai 1933. Vor 80 Jahren in Berlin. B\u00fccher brennen.<br \/>\nBuch13, in Kooperation mit FreiraumK, Container25 und der Keltenwelt Fr\u00f6g, rufen in Erinnerung. An vier K\u00e4rntner Standorten lesen Kunstschaffende aus verbrannten und bezugnehmenden Werken.<br \/>\nGedenklesungen: <strong>B\u00fccher brennen gut<\/strong> am <strong>10. Mai 2013 um 20.00 Uhr<\/strong> &#8211; zeitgleich in<br \/>\n<strong>Villach<\/strong>: Denkmal der Namen | Museum der Stadt Villach | Es lesen Herbert Gantschacher, Susanne Schubarsky, Katharina Springer<br \/>\n<strong>Klagenfurt<\/strong>: ParkHaus, Goethepark | Es lesen Paul Martin, Betty Quast, Walter Wratschko<br \/>\n<strong>Rosegg<\/strong>: Keltenwelt Fr\u00f6g | Arena | Es lesen CHL, Gerald Eschenauer, B\u00e4rbel Gaal-Kranner, Barbara Rapp, Bildwerk von Michael Present<br \/>\n<strong>Wolfsberg<\/strong>: Rathausplatz 1 | Es lesen Franz Miklautz, Rebekka Scharf, Bernhard Teferle<\/p>\n<p><a href=\"http:\/\/www.buch13.at\/\" target=\"_blank\"><img loading=\"lazy\" class=\"wp-image-1029 alignnone\" title=\"Buch13 B\u00fccher brennen gut\" src=\"http:\/\/www.freiraumk.com\/wp-content\/uploads\/Buch13_B\u00fccher-brennen-gut.jpg\" alt=\"\" width=\"427\" height=\"605\" srcset=\"http:\/\/www.freiraumk.com\/wp-content\/uploads\/Buch13_B\u00fccher-brennen-gut.jpg 763w, http:\/\/www.freiraumk.com\/wp-content\/uploads\/Buch13_B\u00fccher-brennen-gut-211x300.jpg 211w, http:\/\/www.freiraumk.com\/wp-content\/uploads\/Buch13_B\u00fccher-brennen-gut-723x1024.jpg 723w\" sizes=\"(max-width: 427px) 100vw, 427px\" \/><\/a><\/p>\n<p>Buch13, in Kooperation mit Container 25, FreiraumK und der Keltenwelt Fr\u00f6g, rufen in Erinnerung.<br \/>\nAn vier K\u00e4rntner Standorten lesen Kunstschaffende aus verbrannten Werken.<br \/>\nAlle Informationen auf <a href=\"http:\/\/www.buch13.at\/\" target=\"_blank\">www.buch13.at<\/a><\/p>\n<p style=\"text-align: right;\"><a style=\"font-size: x-small;\" href=\"javascript:history.back()\">zur\u00fcck<\/a><\/p>\n","protected":false},"excerpt":{"rendered":"<p>10. Mai 1933. Vor 80 Jahren in Berlin. B\u00fccher brennen. Buch13, in Kooperation mit FreiraumK, Container25 und der Keltenwelt Fr\u00f6g, rufen in Erinnerung. An vier K\u00e4rntner Standorten lesen Kunstschaffende aus verbrannten und bezugnehmenden Werken. Gedenklesungen: B\u00fccher brennen gut am 10. &hellip; <a href=\"http:\/\/www.freiraumk.com\/?page_id=1028\">Continue reading <span class=\"meta-nav\">&rarr;<\/span><\/a><\/p>\n","protected":false},"author":2,"featured_media":0,"parent":13,"menu_order":0,"comment_status":"open","ping_status":"open","template":"showcase.php","meta":[],"_links":{"self":[{"href":"http:\/\/www.freiraumk.com\/index.php?rest_route=\/wp\/v2\/pages\/1028"}],"collection":[{"href":"http:\/\/www.freiraumk.com\/index.php?rest_route=\/wp\/v2\/pages"}],"about":[{"href":"http:\/\/www.freiraumk.com\/index.php?rest_route=\/wp\/v2\/types\/page"}],"author":[{"embeddable":true,"href":"http:\/\/www.freiraumk.com\/index.php?rest_route=\/wp\/v2\/users\/2"}],"replies":[{"embeddable":true,"href":"http:\/\/www.freiraumk.com\/index.php?rest_route=%2Fwp%2Fv2%2Fcomments&post=1028"}],"version-history":[{"count":16,"href":"http:\/\/www.freiraumk.com\/index.php?rest_route=\/wp\/v2\/pages\/1028\/revisions"}],"predecessor-version":[{"id":1032,"href":"http:\/\/www.freiraumk.com\/index.php?rest_route=\/wp\/v2\/pages\/1028\/revisions\/1032"}],"up":[{"embeddable":true,"href":"http:\/\/www.freiraumk.com\/index.php?rest_route=\/wp\/v2\/pages\/13"}],"wp:attachment":[{"href":"http:\/\/www.freiraumk.com\/index.php?rest_route=%2Fwp%2Fv2%2Fmedia&parent=1028"}],"curies":[{"name":"wp","href":"https:\/\/api.w.org\/{rel}","templated":true}]}}

10.05.2013 Bücher brennen gut

<p>10. Mai 1933. Vor 80 Jahren in Berlin. Bücher brennen.<br />
Buch13, in Kooperation mit FreiraumK, Container25 und der Keltenwelt Frög, rufen in Erinnerung. An vier Kärntner Standorten lesen Kunstschaffende aus verbrannten und bezugnehmenden Werken.<br />
Gedenklesungen: <strong>Bücher brennen gut</strong> am <strong>10. Mai 2013 um 20.00 Uhr</strong> &#8211; zeitgleich in<br />
<strong>Villach</strong>: Denkmal der Namen | Museum der Stadt Villach | Es lesen Herbert Gantschacher, Susanne Schubarsky, Katharina Springer<br />
<strong>Klagenfurt</strong>: ParkHaus, Goethepark | Es lesen Paul Martin, Betty Quast, Walter Wratschko<br />
<strong>Rosegg</strong>: Keltenwelt Frög | Arena | Es lesen CHL, Gerald Eschenauer, Bärbel Gaal-Kranner, Barbara Rapp, Bildwerk von Michael Present<br />
<strong>Wolfsberg</strong>: Rathausplatz 1 | Es lesen Franz Miklautz, Rebekka Scharf, Bernhard Teferle</p>
<p><a href="http://www.buch13.at/" target="_blank"><img loading="lazy" class="wp-image-1029 alignnone" title="Buch13 Bücher brennen gut" src="http://www.freiraumk.com/wp-content/uploads/Buch13_Bücher-brennen-gut.jpg" alt="" width="427" height="605" srcset="http://www.freiraumk.com/wp-content/uploads/Buch13_Bücher-brennen-gut.jpg 763w, http://www.freiraumk.com/wp-content/uploads/Buch13_Bücher-brennen-gut-211x300.jpg 211w, http://www.freiraumk.com/wp-content/uploads/Buch13_Bücher-brennen-gut-723x1024.jpg 723w" sizes="(max-width: 427px) 100vw, 427px" /></a></p>
<p>Buch13, in Kooperation mit Container 25, FreiraumK und der Keltenwelt Frög, rufen in Erinnerung.<br />
An vier Kärntner Standorten lesen Kunstschaffende aus verbrannten Werken.<br />
Alle Informationen auf <a href="http://www.buch13.at/" target="_blank">www.buch13.at</a></p>
<p style="text-align: right;"><a style="font-size: x-small;" href="javascript:history.back()">zurück</a></p>

<p>10. Mai 1933. Vor 80 Jahren in Berlin. Bücher brennen. Buch13, in Kooperation mit FreiraumK, Container25 und der Keltenwelt Frög, rufen in Erinnerung. An vier Kärntner Standorten lesen Kunstschaffende aus verbrannten und bezugnehmenden Werken. Gedenklesungen: Bücher brennen gut am 10. &hellip; <a href="http://www.freiraumk.com/?page_id=1028">Continue reading <span class="meta-nav">&rarr;</span></a></p>
