{"id":1127,"date":"2014-01-21T11:26:31","date_gmt":"2014-01-21T10:26:31","guid":{"rendered":"http:\/\/www.freiraumk.com\/?page_id=1127"},"modified":"2014-01-24T10:04:16","modified_gmt":"2014-01-24T09:04:16","slug":"23-01-2014-schweinealm-villach","status":"publish","type":"page","link":"http:\/\/www.freiraumk.com\/?page_id=1127","title":{"rendered":"23.01.2014 Schweinealm Villach"},"content":{"rendered":"<p><strong>Kom\u00f6die &#171;Schweinealm&#187; mit Rahmenprogramm <\/strong><br \/>\n<strong>23.01.2014 <\/strong><a href=\"http:\/\/www.neuebuehnevillach.at\/produktionen\/spieljahr-2014\/schweinealm.html\" target=\"_blank\">neuebuehnevillach<\/a> am Rathausplatz, 9500 Villach<br \/>\n18:00 Uhr Vernissage mit Werken von Mostafa Elrhandouri<br \/>\n20:00 Uhr Vorstellung &#171;Schweinealm&#187;<br \/>\n21:15 Uhr &#171;Wer klopfet an?&#187; mit G\u00fcnter Medweschek und Elisabeth Steiner<br \/>\n<a href=\"http:\/\/www.neuebuehnevillach.at\/tickets.html\" target=\"_blank\">Ticket-Info<\/a><\/p>\n<p>Details zur Auff\u00fchrung und dem Rahmenprogramm:<strong><\/strong><\/p>\n<p><strong>18:00 Uhr Vernissage &#171;Bilder, Objekte und Skulpturen&#187; von Mostafa Elrhandouri<\/strong><br \/>\nDer in Casablanca geb\u00fcrtige und in Villach lebende K\u00fcnstler <strong>Mostafa Elrhandouri<\/strong> pr\u00e4sentiert im Foyer der neuebuehnevillach seine Bilder und Skulpturen. Mostafa Elrhandouri hat seine Arbeiten erstmals im Jahr 2012 im Rahmen des Projektes &#171;gemmakunstschaun&#187; in Villach einer breiten \u00d6ffentlichkeit pr\u00e4sentiert und seitdem u.a. bei Ausstellungen in der &#171;Galerie Offenes Atelier D.U.Design&#187; in Villach, im Europahaus Klagenfurt und im Rahmen des Kunstprojektes &#171;den blick \u00f6ffnen&#187; teilgenommen.<br \/>\nIm vom Drava-Verlag ver\u00f6ffentlichten Buch &#171;Schmutzk\u00fcbelK&#8230; Eine Intervention | Kunst:Politik&#187;, herausgegeben von FreiraumK, Plattform zur Vernetzung kritisch vision\u00e4rer Menschen, hat er 2013 mit seinem Bildwerk &#171;IL POSITIVO&#187; seinen Beitrag geleistet.<br \/>\nIm Herbst 2013 erschien \u00fcber Mostafa Elrhandouri ein Portr\u00e4t von Kerstin Kellermann in der Wiener Stra\u00dfenzeitung &#171;Augustin&#187;.<\/p>\n<p><strong>20:00 Uhr &#171;Schweinealm&#187;<\/strong> Almauftrieb und schwarz-gelb-rot-blaue Posse mit Tanz und Gesang<br \/>\nURAUFF\u00dcHRUNG + K\u00c4RNTENPREMIERE | neuebuehnevillach am 23., 24. und 25. J\u00e4nner 2014<br \/>\nProduktion der ARBOS Gesellschaft f\u00fcr Musik und Theater<br \/>\nInszenierung\/Regie:<strong> Herbert Gantschacher<\/strong> | Puppen &amp; Figuren: <strong>Burgis Paier<\/strong> | B\u00fchne &amp; Kost\u00fcme. <strong>Sanzaba Dimna<\/strong> | Lichtgestaltung: <strong>Bidpai<\/strong> | Musik &amp; Choreographie: <strong>Amal Zwaisdrai<\/strong><br \/>\nMit <strong>Werner M\u00f6ssler, Alexander Mitterer, Markus Pol, Sabine Zeller, Rita Hatzmann<\/strong> (in der Reihenfolge des Auftretens)<br \/>\nEin Kommissar auf der Jagd nach allem Fl\u00fcchtigen, der eine ist taub und wird schwarz, gelb, rot und blau, der andere stellt sich taub. Eine rasante, schwarze Kom\u00f6die mit vielf\u00e4rbigem Humor. Volkskultur auf h\u00f6chstem Niveau! Zum ersten Mal tritt der weltber\u00fchmte Landesvater, S\u00e4ngerbarde und Zwerghitler im oder in der Sch\u00fcssel singend auf einer echten B\u00fchne auf und singt b\u00e4rige Lieder \u00fcber seine Wirkungsst\u00e4tte, der durch unbezahlbare Werbung weltbekannt gewordenen Almen der Schweinealm. Doch Vorsicht! Der Scho\u00df, \u00e4h Sch\u00fcssel, ist fruchtbar noch aus dem der Zwerghitler kroch!<\/p>\n<p><strong>21:15 Uhr<\/strong> <strong>&#171;Wer klopfet an? &#8211; Menschenrechte in der Europ\u00e4ischen Union&#187;<\/strong><br \/>\nGespr\u00e4ch mit <strong>G\u00fcnter Medweschek<\/strong> (Obmann von &#171;FreiraumK&#187; und Rechtsanwalt) und <strong>Elisabeth Steiner<\/strong> (Journalistin und Leopold-Ungar-Preistr\u00e4gerin).<br \/>\nDas Fehlen einer Solidargemeinschaft beweist tagt\u00e4glich in der Europ\u00e4ischen Union das Agieren der Agentur &#171;frontex&#187;. Vor 25 Jahren wurde damit begonnen, den Eisernen Vorhang aus der Mitte Europas zu entfernen. Heute, 25 Jahre sp\u00e4ter, muss festgestellt werden, dass der Eiserne Vorhang in der Mitte Europas nicht mehr existiert, allerdings nur aus der Mitte Europas an dessen Rand verschoben worden ist. Bewacht wird dieser neue Eiserne Vorhang von der Europ\u00e4ischen Agentur f\u00fcr die operative Zusammenarbeit an den Au\u00dfengrenzen (fronti\u00e8res ext\u00e9rieures) der Mitgliedstaaten der Europ\u00e4ischen Union &#171;Frontex&#187; mit Sitz in Warschau. Die Situation der Menschenrechte in der Europ\u00e4ischen Union diskutieren der Rechtsnwalt und Menschenrechts- und Kulturexperte G\u00fcnter Medweschek (Obmann von &#171;FreiraumK, Plattform zur Vernetzung kritisch vision\u00e4rer Menschen&#187;) sowie Elisabeth Steiner, die f\u00fcr ihre Arbeiten und Recherchen im Bereich der Menschenrechte mit dem Leopold-Ungar-Preis ausgezeichnet worden ist.<\/p>\n<p><a href=\"http:\/\/www.freiraumk.com\/wp-content\/uploads\/schweinealm_disk_medweschek_steiner_gantschacher_scht_s.jpg\"><img loading=\"lazy\" class=\"alignleft  wp-image-1163\" title=\"schweinealm_diskussion\" src=\"http:\/\/www.freiraumk.com\/wp-content\/uploads\/schweinealm_disk_medweschek_steiner_gantschacher_scht_s.jpg\" alt=\"\" width=\"900\" height=\"406\" srcset=\"http:\/\/www.freiraumk.com\/wp-content\/uploads\/schweinealm_disk_medweschek_steiner_gantschacher_scht_s.jpg 900w, http:\/\/www.freiraumk.com\/wp-content\/uploads\/schweinealm_disk_medweschek_steiner_gantschacher_scht_s-300x135.jpg 300w, http:\/\/www.freiraumk.com\/wp-content\/uploads\/schweinealm_disk_medweschek_steiner_gantschacher_scht_s-500x225.jpg 500w\" sizes=\"(max-width: 900px) 100vw, 900px\" \/><\/a><\/p>\n<p style=\"text-align: left;\"><span style=\"font-size: x-small;\">vlnr: Medweschek, Steiner, Gantschacher | Foto: FreiraumK 23.01.2014<br \/>\n<\/span><\/p>\n<p>Weiteres Programm:<br \/>\n21.01.2014, 18.00 Uhr &#171;Schweinealm &#8211; Eine Einf\u00fchrung&#187; PIVA Villach, Italienerstra\u00dfe 17 mit den Schauspielern Werner M\u00f6ssler, Markus Pol sowie den Darstellern des Zwerghitler, Richard Wagner, Sch\u00fcssel und Sarkozy.<br \/>\n24.01.2014 nach der Vorstellung &#171;Warum schwieg das Rote Kreuz? &#8211; der historische Besuch der Delegation des Internationalen Roten Kreuzes 1944 in Theresienstadt und dessen Aktualit\u00e4t f\u00fcr die heutige Zeit&#187; mit Angelika H\u00f6dl (Aktionskomitee) und Burgi Decker (PIVA).<br \/>\n25.01.2014 nach der Vorstellung &#171;Totalit\u00e4re Herrschaft und Demokratie&#187; mit den KultursprecherInnen Sabina Schautzer, Markus Malle und Herwig Seiser.<\/p>\n<p><img loading=\"lazy\" class=\"alignleft  wp-image-1152\" title=\"Schweinealm | Foto: ARBOS\" src=\"http:\/\/www.freiraumk.com\/wp-content\/uploads\/schweinealm.jpg\" alt=\"Schweinealm | Foto: ARBOS\" width=\"798\" height=\"414\" srcset=\"http:\/\/www.freiraumk.com\/wp-content\/uploads\/schweinealm.jpg 997w, http:\/\/www.freiraumk.com\/wp-content\/uploads\/schweinealm-300x155.jpg 300w, http:\/\/www.freiraumk.com\/wp-content\/uploads\/schweinealm-500x259.jpg 500w\" sizes=\"(max-width: 798px) 100vw, 798px\" \/><\/p>\n<p style=\"text-align: left;\"><span style=\"font-size: x-small;\">Schweinealm | Foto: ARBOS<\/span><\/p>\n<p style=\"text-align: right;\"><a style=\"font-size: x-small;\" href=\"javascript:history.back()\">zur\u00fcck<\/a><\/p>\n","protected":false},"excerpt":{"rendered":"<p>Kom\u00f6die &#171;Schweinealm&#187; mit Rahmenprogramm 23.01.2014 neuebuehnevillach am Rathausplatz, 9500 Villach 18:00 Uhr Vernissage mit Werken von Mostafa Elrhandouri 20:00 Uhr Vorstellung &#171;Schweinealm&#187; 21:15 Uhr &#171;Wer klopfet an?&#187; mit G\u00fcnter Medweschek und Elisabeth Steiner Ticket-Info Details zur Auff\u00fchrung und dem Rahmenprogramm: &hellip; <a href=\"http:\/\/www.freiraumk.com\/?page_id=1127\">Continue reading <span class=\"meta-nav\">&rarr;<\/span><\/a><\/p>\n","protected":false},"author":2,"featured_media":0,"parent":13,"menu_order":0,"comment_status":"open","ping_status":"open","template":"showcase.php","meta":[],"_links":{"self":[{"href":"http:\/\/www.freiraumk.com\/index.php?rest_route=\/wp\/v2\/pages\/1127"}],"collection":[{"href":"http:\/\/www.freiraumk.com\/index.php?rest_route=\/wp\/v2\/pages"}],"about":[{"href":"http:\/\/www.freiraumk.com\/index.php?rest_route=\/wp\/v2\/types\/page"}],"author":[{"embeddable":true,"href":"http:\/\/www.freiraumk.com\/index.php?rest_route=\/wp\/v2\/users\/2"}],"replies":[{"embeddable":true,"href":"http:\/\/www.freiraumk.com\/index.php?rest_route=%2Fwp%2Fv2%2Fcomments&post=1127"}],"version-history":[{"count":31,"href":"http:\/\/www.freiraumk.com\/index.php?rest_route=\/wp\/v2\/pages\/1127\/revisions"}],"predecessor-version":[{"id":1166,"href":"http:\/\/www.freiraumk.com\/index.php?rest_route=\/wp\/v2\/pages\/1127\/revisions\/1166"}],"up":[{"embeddable":true,"href":"http:\/\/www.freiraumk.com\/index.php?rest_route=\/wp\/v2\/pages\/13"}],"wp:attachment":[{"href":"http:\/\/www.freiraumk.com\/index.php?rest_route=%2Fwp%2Fv2%2Fmedia&parent=1127"}],"curies":[{"name":"wp","href":"https:\/\/api.w.org\/{rel}","templated":true}]}}

<p><strong>Komödie &#171;Schweinealm&#187; mit Rahmenprogramm </strong><br />
<strong>23.01.2014 </strong><a href="http://www.neuebuehnevillach.at/produktionen/spieljahr-2014/schweinealm.html" target="_blank">neuebuehnevillach</a> am Rathausplatz, 9500 Villach<br />
18:00 Uhr Vernissage mit Werken von Mostafa Elrhandouri<br />
20:00 Uhr Vorstellung &#171;Schweinealm&#187;<br />
21:15 Uhr &#171;Wer klopfet an?&#187; mit Günter Medweschek und Elisabeth Steiner<br />
<a href="http://www.neuebuehnevillach.at/tickets.html" target="_blank">Ticket-Info</a></p>
<p>Details zur Aufführung und dem Rahmenprogramm:<strong></strong></p>
<p><strong>18:00 Uhr Vernissage &#171;Bilder, Objekte und Skulpturen&#187; von Mostafa Elrhandouri</strong><br />
Der in Casablanca gebürtige und in Villach lebende Künstler <strong>Mostafa Elrhandouri</strong> präsentiert im Foyer der neuebuehnevillach seine Bilder und Skulpturen. Mostafa Elrhandouri hat seine Arbeiten erstmals im Jahr 2012 im Rahmen des Projektes &#171;gemmakunstschaun&#187; in Villach einer breiten Öffentlichkeit präsentiert und seitdem u.a. bei Ausstellungen in der &#171;Galerie Offenes Atelier D.U.Design&#187; in Villach, im Europahaus Klagenfurt und im Rahmen des Kunstprojektes &#171;den blick öffnen&#187; teilgenommen.<br />
Im vom Drava-Verlag veröffentlichten Buch &#171;SchmutzkübelK&#8230; Eine Intervention | Kunst:Politik&#187;, herausgegeben von FreiraumK, Plattform zur Vernetzung kritisch visionärer Menschen, hat er 2013 mit seinem Bildwerk &#171;IL POSITIVO&#187; seinen Beitrag geleistet.<br />
Im Herbst 2013 erschien über Mostafa Elrhandouri ein Porträt von Kerstin Kellermann in der Wiener Straßenzeitung &#171;Augustin&#187;.</p>
<p><strong>20:00 Uhr &#171;Schweinealm&#187;</strong> Almauftrieb und schwarz-gelb-rot-blaue Posse mit Tanz und Gesang<br />
URAUFFÜHRUNG + KÄRNTENPREMIERE | neuebuehnevillach am 23., 24. und 25. Jänner 2014<br />
Produktion der ARBOS Gesellschaft für Musik und Theater<br />
Inszenierung/Regie:<strong> Herbert Gantschacher</strong> | Puppen &amp; Figuren: <strong>Burgis Paier</strong> | Bühne &amp; Kostüme. <strong>Sanzaba Dimna</strong> | Lichtgestaltung: <strong>Bidpai</strong> | Musik &amp; Choreographie: <strong>Amal Zwaisdrai</strong><br />
Mit <strong>Werner Mössler, Alexander Mitterer, Markus Pol, Sabine Zeller, Rita Hatzmann</strong> (in der Reihenfolge des Auftretens)<br />
Ein Kommissar auf der Jagd nach allem Flüchtigen, der eine ist taub und wird schwarz, gelb, rot und blau, der andere stellt sich taub. Eine rasante, schwarze Komödie mit vielfärbigem Humor. Volkskultur auf höchstem Niveau! Zum ersten Mal tritt der weltberühmte Landesvater, Sängerbarde und Zwerghitler im oder in der Schüssel singend auf einer echten Bühne auf und singt bärige Lieder über seine Wirkungsstätte, der durch unbezahlbare Werbung weltbekannt gewordenen Almen der Schweinealm. Doch Vorsicht! Der Schoß, äh Schüssel, ist fruchtbar noch aus dem der Zwerghitler kroch!</p>
<p><strong>21:15 Uhr</strong> <strong>&#171;Wer klopfet an? &#8211; Menschenrechte in der Europäischen Union&#187;</strong><br />
Gespräch mit <strong>Günter Medweschek</strong> (Obmann von &#171;FreiraumK&#187; und Rechtsanwalt) und <strong>Elisabeth Steiner</strong> (Journalistin und Leopold-Ungar-Preisträgerin).<br />
Das Fehlen einer Solidargemeinschaft beweist tagtäglich in der Europäischen Union das Agieren der Agentur &#171;frontex&#187;. Vor 25 Jahren wurde damit begonnen, den Eisernen Vorhang aus der Mitte Europas zu entfernen. Heute, 25 Jahre später, muss festgestellt werden, dass der Eiserne Vorhang in der Mitte Europas nicht mehr existiert, allerdings nur aus der Mitte Europas an dessen Rand verschoben worden ist. Bewacht wird dieser neue Eiserne Vorhang von der Europäischen Agentur für die operative Zusammenarbeit an den Außengrenzen (frontières extérieures) der Mitgliedstaaten der Europäischen Union &#171;Frontex&#187; mit Sitz in Warschau. Die Situation der Menschenrechte in der Europäischen Union diskutieren der Rechtsnwalt und Menschenrechts- und Kulturexperte Günter Medweschek (Obmann von &#171;FreiraumK, Plattform zur Vernetzung kritisch visionärer Menschen&#187;) sowie Elisabeth Steiner, die für ihre Arbeiten und Recherchen im Bereich der Menschenrechte mit dem Leopold-Ungar-Preis ausgezeichnet worden ist.</p>
<p><a href="http://www.freiraumk.com/wp-content/uploads/schweinealm_disk_medweschek_steiner_gantschacher_scht_s.jpg"><img loading="lazy" class="alignleft  wp-image-1163" title="schweinealm_diskussion" src="http://www.freiraumk.com/wp-content/uploads/schweinealm_disk_medweschek_steiner_gantschacher_scht_s.jpg" alt="" width="900" height="406" srcset="http://www.freiraumk.com/wp-content/uploads/schweinealm_disk_medweschek_steiner_gantschacher_scht_s.jpg 900w, http://www.freiraumk.com/wp-content/uploads/schweinealm_disk_medweschek_steiner_gantschacher_scht_s-300x135.jpg 300w, http://www.freiraumk.com/wp-content/uploads/schweinealm_disk_medweschek_steiner_gantschacher_scht_s-500x225.jpg 500w" sizes="(max-width: 900px) 100vw, 900px" /></a></p>
<p style="text-align: left;"><span style="font-size: x-small;">vlnr: Medweschek, Steiner, Gantschacher | Foto: FreiraumK 23.01.2014<br />
</span></p>
<p>Weiteres Programm:<br />
21.01.2014, 18.00 Uhr &#171;Schweinealm &#8211; Eine Einführung&#187; PIVA Villach, Italienerstraße 17 mit den Schauspielern Werner Mössler, Markus Pol sowie den Darstellern des Zwerghitler, Richard Wagner, Schüssel und Sarkozy.<br />
24.01.2014 nach der Vorstellung &#171;Warum schwieg das Rote Kreuz? &#8211; der historische Besuch der Delegation des Internationalen Roten Kreuzes 1944 in Theresienstadt und dessen Aktualität für die heutige Zeit&#187; mit Angelika Hödl (Aktionskomitee) und Burgi Decker (PIVA).<br />
25.01.2014 nach der Vorstellung &#171;Totalitäre Herrschaft und Demokratie&#187; mit den KultursprecherInnen Sabina Schautzer, Markus Malle und Herwig Seiser.</p>
<p><img loading="lazy" class="alignleft  wp-image-1152" title="Schweinealm | Foto: ARBOS" src="http://www.freiraumk.com/wp-content/uploads/schweinealm.jpg" alt="Schweinealm | Foto: ARBOS" width="798" height="414" srcset="http://www.freiraumk.com/wp-content/uploads/schweinealm.jpg 997w, http://www.freiraumk.com/wp-content/uploads/schweinealm-300x155.jpg 300w, http://www.freiraumk.com/wp-content/uploads/schweinealm-500x259.jpg 500w" sizes="(max-width: 798px) 100vw, 798px" /></p>
<p style="text-align: left;"><span style="font-size: x-small;">Schweinealm | Foto: ARBOS</span></p>
<p style="text-align: right;"><a style="font-size: x-small;" href="javascript:history.back()">zurück</a></p>

<p>Komödie &#171;Schweinealm&#187; mit Rahmenprogramm 23.01.2014 neuebuehnevillach am Rathausplatz, 9500 Villach 18:00 Uhr Vernissage mit Werken von Mostafa Elrhandouri 20:00 Uhr Vorstellung &#171;Schweinealm&#187; 21:15 Uhr &#171;Wer klopfet an?&#187; mit Günter Medweschek und Elisabeth Steiner Ticket-Info Details zur Aufführung und dem Rahmenprogramm: &hellip; <a href="http://www.freiraumk.com/?page_id=1127">Continue reading <span class="meta-nav">&rarr;</span></a></p>
