{"id":13,"date":"2012-10-04T19:07:54","date_gmt":"2012-10-04T19:07:54","guid":{"rendered":"http:\/\/www.andreas-jaeger.com\/?page_id=13"},"modified":"2016-06-10T12:41:57","modified_gmt":"2016-06-10T11:41:57","slug":"aktuell","status":"publish","type":"page","link":"http:\/\/www.freiraumk.com\/?page_id=13","title":{"rendered":"Aktuell"},"content":{"rendered":"<p><a href=\"http:\/\/igkikk.at\" target=\"_blank\">April 2016<\/a> <strong>IG KIKK | kultur muss wachsen | naj raste kultura<\/strong><br \/>\nTeilnahme \/ k\u00fcnstlerischer Beitrag am Symposion zum Jahr der freien Kulturinitiativen in K\u00e4rnten\/koro\u0161ka<\/p>\n<p><a href=\"http:\/\/www.freiraumk.com\/?page_id=1127\">J\u00e4nner 2014<\/a> | <strong>Gespr\u00e4ch und Ausstellung im Rahmen der Urauff\u00fchrung &#171;Schweinealm&#187; <\/strong>| neuebuehnevillach Villach<br \/>\nSeptember 2013 | <a href=\"http:\/\/freiraumkasnudel.blogspot.co.at\/\" target=\"_blank\">FreiraumKasnudel <\/a>| eine Kasnudel auf Kulturreise |<a href=\"http:\/\/www.transformale.at\/\" target=\"_blank\"> transformale 2013<\/a><br \/>\n<a href=\"http:\/\/www.freiraumk.com\/?page_id=1057\">12.06.2013<\/a> | 19:00 Uhr <strong>100 Tage<\/strong> | Klagenfurt<a href=\"http:\/\/www.freiraumk.com\/?page_id=1028\"><br \/>\n10.05.2013<\/a> | 20:00 Uhr <strong>B\u00fccher brennen gut<\/strong> | Villach Rosegg Klagenfurt Wolfsberg<\/p>\n<p>Das waren die Stationen unserer Schmutzk\u00fcbelkampagne:<br \/>\n<strong><em>Herzlichen Dank an die vielen Menschen, die sich so hochmotiviert eingebracht und uns bisher begleitet haben!<\/em><\/strong><\/p>\n<p><a href=\"http:\/\/www.freiraumk.com\/?page_id=531\">07.02.2013<\/a> | 19:15 Uhr <strong>Lesung <\/strong>Intervention Schmutzk\u00fcbelK&#8230; | raj Klagenfurt<br \/>\n<a href=\"http:\/\/www.freiraumk.com\/?page_id=574\">13.02.2013<\/a> | 18:00 Uhr <strong>Lesung + Ausstellung <\/strong>Intervention Schmutzk\u00fcbelK&#8230; | Galerie Offenes Atelier D.U.Design Villach<br \/>\n<a href=\"http:\/\/www.freiraumk.com\/?page_id=561\">13.02.2013<\/a> | ab 19:00 Uhr<strong> Die Schmutzk\u00fcbelkampagne in der Villacher Innenstadt<br \/>\n<\/strong><a href=\"http:\/\/www.freiraumk.com\/?page_id=581\">13.02.2013<\/a> | 20:30 Uhr<strong> Musik + Performance<\/strong> Intervention | Kulturhof:keller Villach<strong><br \/>\n<\/strong><a href=\"http:\/\/www.freiraumk.com\/?page_id=569\">13.02.2013<\/a> | ab 17:00 Uhr <strong>Die Schmutzk\u00fcbelkampagne in der Klagenfurter Innenstadt<br \/>\n<\/strong><a href=\"http:\/\/www.freiraumk.com\/?page_id=586\">13.02.2013<\/a> | <strong><\/strong>18:30 Uhr <strong>Lesung + Ausstellung<\/strong> Intervention Schmutzk\u00fcbelK&#8230; | Europahaus Klagenfurt<br \/>\n<a href=\"http:\/\/www.kleinezeitung.at\/kaernten\/klagenfurt\/klagenfurt\/3247200\/kulturschaffende-geben-mittwoch-wahlempfehlungen.story\" target=\"_blank\">20.02.2013<\/a> | Tipp: <strong>Wahlempfehlungen<\/strong> Kunstschaffender | Klagenfurt<br \/>\n<a href=\"http:\/\/www.freiraumk.com\/?page_id=646\">21.02.2013<\/a> | 19:00 Uhr <strong>Lesung <\/strong>Intervention Schmutzk\u00fcbelK&#8230; | Salon Freiheit Klagenfurt<br \/>\n<a href=\"http:\/\/www.freiraumk.com\/?page_id=707\">23.02.2013<\/a> | 19:00 Uhr <strong>Lesung <\/strong>Intervention Schmutzk\u00fcbelK&#8230; | Container 25 Hattendorf\/Wolfsberg<br \/>\n<a href=\"http:\/\/www.freiraumk.com\/?page_id=852\">24.02.2013<\/a> | 11:00 Uhr <strong>Ausstellung + Diskurs <\/strong>|<strong> Die Rache der Gutmenschen <\/strong>| Galerie Offenes Atelier D.U.Design Villach<br \/>\n<a href=\"http:\/\/www.freiraumk.com\/?page_id=810\">25.02.2013<\/a> | 19:00 Uhr <strong>Lesung <\/strong>Intervention Schmutzk\u00fcbelK&#8230; | BV Galerie Klagenfurt<br \/>\n<a href=\"http:\/\/www.freiraumk.com\/?page_id=680\"> 27.02.2013<\/a> | 18:00 Uhr <strong>Lesung <\/strong>Intervention Schmutzk\u00fcbelK&#8230; | Kaffeehaus &#171;Herr Vincent&#187; Villach<br \/>\n<a href=\"http:\/\/www.freiraumk.com\/?page_id=824\">28.02.2013<\/a> | <strong>Finissage + Film + Diskurs | How can you call it Heimat<\/strong> | Europahaus Klagenfurt<br \/>\n<a href=\"http:\/\/www.freiraumk.com\/?page_id=713\">01.03.2013<\/a> | 19:30 Uhr <strong>Lesung <\/strong>Intervention Schmutzk\u00fcbelK&#8230; | Forum Zarja + Kino Kreativ Kulturaktiv Bad Eisenkappel<br \/>\n<a href=\"http:\/\/www.freiraumk.com\/?page_id=931\">02.03.2013<\/a> | 20:00 Uhr <strong>Wir halten Abstand!<\/strong> (Vorwahl)Abend | Kulturhof:keller Villach<br \/>\n<a href=\"http:\/\/www.freiraumk.com\/?page_id=969\">02.03.2013\/03.03.2013<\/a> | <strong>Abwahlkampfprogramm<\/strong> Radio Agora | Seh:B\u00fchne raj Klagenfurt<br \/>\n<a href=\"http:\/\/www.freiraumk.com\/?page_id=931\">03.03.2013<\/a> | 16:00 Uhr <strong>Wahlbeobachtung<\/strong> mit Live-Screening | Kulturhof:keller Villach<\/p>\n","protected":false},"excerpt":{"rendered":"<p>April 2016 IG KIKK | kultur muss wachsen | naj raste kultura Teilnahme \/ k\u00fcnstlerischer Beitrag am Symposion zum Jahr der freien Kulturinitiativen in K\u00e4rnten\/koro\u0161ka J\u00e4nner 2014 | Gespr\u00e4ch und Ausstellung im Rahmen der Urauff\u00fchrung &#171;Schweinealm&#187; | neuebuehnevillach Villach September &hellip; <a href=\"http:\/\/www.freiraumk.com\/?page_id=13\">Continue reading <span class=\"meta-nav\">&rarr;<\/span><\/a><\/p>\n","protected":false},"author":2,"featured_media":0,"parent":0,"menu_order":0,"comment_status":"open","ping_status":"open","template":"showcase.php","meta":[],"_links":{"self":[{"href":"http:\/\/www.freiraumk.com\/index.php?rest_route=\/wp\/v2\/pages\/13"}],"collection":[{"href":"http:\/\/www.freiraumk.com\/index.php?rest_route=\/wp\/v2\/pages"}],"about":[{"href":"http:\/\/www.freiraumk.com\/index.php?rest_route=\/wp\/v2\/types\/page"}],"author":[{"embeddable":true,"href":"http:\/\/www.freiraumk.com\/index.php?rest_route=\/wp\/v2\/users\/2"}],"replies":[{"embeddable":true,"href":"http:\/\/www.freiraumk.com\/index.php?rest_route=%2Fwp%2Fv2%2Fcomments&post=13"}],"version-history":[{"count":103,"href":"http:\/\/www.freiraumk.com\/index.php?rest_route=\/wp\/v2\/pages\/13\/revisions"}],"predecessor-version":[{"id":1182,"href":"http:\/\/www.freiraumk.com\/index.php?rest_route=\/wp\/v2\/pages\/13\/revisions\/1182"}],"wp:attachment":[{"href":"http:\/\/www.freiraumk.com\/index.php?rest_route=%2Fwp%2Fv2%2Fmedia&parent=13"}],"curies":[{"name":"wp","href":"https:\/\/api.w.org\/{rel}","templated":true}]}}

<p><a href="http://igkikk.at" target="_blank">April 2016</a> <strong>IG KIKK | kultur muss wachsen | naj raste kultura</strong><br />
Teilnahme / künstlerischer Beitrag am Symposion zum Jahr der freien Kulturinitiativen in Kärnten/koroška</p>
<p><a href="http://www.freiraumk.com/?page_id=1127">Jänner 2014</a> | <strong>Gespräch und Ausstellung im Rahmen der Uraufführung &#171;Schweinealm&#187; </strong>| neuebuehnevillach Villach<br />
September 2013 | <a href="http://freiraumkasnudel.blogspot.co.at/" target="_blank">FreiraumKasnudel </a>| eine Kasnudel auf Kulturreise |<a href="http://www.transformale.at/" target="_blank"> transformale 2013</a><br />
<a href="http://www.freiraumk.com/?page_id=1057">12.06.2013</a> | 19:00 Uhr <strong>100 Tage</strong> | Klagenfurt<a href="http://www.freiraumk.com/?page_id=1028"><br />
10.05.2013</a> | 20:00 Uhr <strong>Bücher brennen gut</strong> | Villach Rosegg Klagenfurt Wolfsberg</p>
<p>Das waren die Stationen unserer Schmutzkübelkampagne:<br />
<strong><em>Herzlichen Dank an die vielen Menschen, die sich so hochmotiviert eingebracht und uns bisher begleitet haben!</em></strong></p>
<p><a href="http://www.freiraumk.com/?page_id=531">07.02.2013</a> | 19:15 Uhr <strong>Lesung </strong>Intervention SchmutzkübelK&#8230; | raj Klagenfurt<br />
<a href="http://www.freiraumk.com/?page_id=574">13.02.2013</a> | 18:00 Uhr <strong>Lesung + Ausstellung </strong>Intervention SchmutzkübelK&#8230; | Galerie Offenes Atelier D.U.Design Villach<br />
<a href="http://www.freiraumk.com/?page_id=561">13.02.2013</a> | ab 19:00 Uhr<strong> Die Schmutzkübelkampagne in der Villacher Innenstadt<br />
</strong><a href="http://www.freiraumk.com/?page_id=581">13.02.2013</a> | 20:30 Uhr<strong> Musik + Performance</strong> Intervention | Kulturhof:keller Villach<strong><br />
</strong><a href="http://www.freiraumk.com/?page_id=569">13.02.2013</a> | ab 17:00 Uhr <strong>Die Schmutzkübelkampagne in der Klagenfurter Innenstadt<br />
</strong><a href="http://www.freiraumk.com/?page_id=586">13.02.2013</a> | <strong></strong>18:30 Uhr <strong>Lesung + Ausstellung</strong> Intervention SchmutzkübelK&#8230; | Europahaus Klagenfurt<br />
<a href="http://www.kleinezeitung.at/kaernten/klagenfurt/klagenfurt/3247200/kulturschaffende-geben-mittwoch-wahlempfehlungen.story" target="_blank">20.02.2013</a> | Tipp: <strong>Wahlempfehlungen</strong> Kunstschaffender | Klagenfurt<br />
<a href="http://www.freiraumk.com/?page_id=646">21.02.2013</a> | 19:00 Uhr <strong>Lesung </strong>Intervention SchmutzkübelK&#8230; | Salon Freiheit Klagenfurt<br />
<a href="http://www.freiraumk.com/?page_id=707">23.02.2013</a> | 19:00 Uhr <strong>Lesung </strong>Intervention SchmutzkübelK&#8230; | Container 25 Hattendorf/Wolfsberg<br />
<a href="http://www.freiraumk.com/?page_id=852">24.02.2013</a> | 11:00 Uhr <strong>Ausstellung + Diskurs </strong>|<strong> Die Rache der Gutmenschen </strong>| Galerie Offenes Atelier D.U.Design Villach<br />
<a href="http://www.freiraumk.com/?page_id=810">25.02.2013</a> | 19:00 Uhr <strong>Lesung </strong>Intervention SchmutzkübelK&#8230; | BV Galerie Klagenfurt<br />
<a href="http://www.freiraumk.com/?page_id=680"> 27.02.2013</a> | 18:00 Uhr <strong>Lesung </strong>Intervention SchmutzkübelK&#8230; | Kaffeehaus &#171;Herr Vincent&#187; Villach<br />
<a href="http://www.freiraumk.com/?page_id=824">28.02.2013</a> | <strong>Finissage + Film + Diskurs | How can you call it Heimat</strong> | Europahaus Klagenfurt<br />
<a href="http://www.freiraumk.com/?page_id=713">01.03.2013</a> | 19:30 Uhr <strong>Lesung </strong>Intervention SchmutzkübelK&#8230; | Forum Zarja + Kino Kreativ Kulturaktiv Bad Eisenkappel<br />
<a href="http://www.freiraumk.com/?page_id=931">02.03.2013</a> | 20:00 Uhr <strong>Wir halten Abstand!</strong> (Vorwahl)Abend | Kulturhof:keller Villach<br />
<a href="http://www.freiraumk.com/?page_id=969">02.03.2013/03.03.2013</a> | <strong>Abwahlkampfprogramm</strong> Radio Agora | Seh:Bühne raj Klagenfurt<br />
<a href="http://www.freiraumk.com/?page_id=931">03.03.2013</a> | 16:00 Uhr <strong>Wahlbeobachtung</strong> mit Live-Screening | Kulturhof:keller Villach</p>

<p>April 2016 IG KIKK | kultur muss wachsen | naj raste kultura Teilnahme / künstlerischer Beitrag am Symposion zum Jahr der freien Kulturinitiativen in Kärnten/koroška Jänner 2014 | Gespräch und Ausstellung im Rahmen der Uraufführung &#171;Schweinealm&#187; | neuebuehnevillach Villach September &hellip; <a href="http://www.freiraumk.com/?page_id=13">Continue reading <span class="meta-nav">&rarr;</span></a></p>
