{"id":662,"date":"2013-02-09T23:37:41","date_gmt":"2013-02-09T22:37:41","guid":{"rendered":"http:\/\/www.freiraumk.com\/?page_id=662"},"modified":"2013-02-09T23:49:07","modified_gmt":"2013-02-09T22:49:07","slug":"deshalb-freiraumk","status":"publish","type":"page","link":"http:\/\/www.freiraumk.com\/?page_id=662","title":{"rendered":"Deshalb FreiraumK"},"content":{"rendered":"<p style=\"text-align: right;\"><strong>Deshalb FreiraumK<\/strong><br \/>\nEin Gespr\u00e4ch zwischen den FreiraumK-Gr\u00fcndungsmitgliedern<br \/>\nG\u00fcnter Medweschek und Barbara Rapp<\/p>\n<p style=\"text-align: left;\"><em>_Barbara:<\/em> Wie war ich verbl\u00fcfft, vor einigen Monaten, als du &#8211; so ein Rechtsanwalt aus Klagenfurt &#8211; auf mich zugekommen bist. Unerwartet deine Fragen, wie etwa die nach den Gr\u00fcnden f\u00fcr die Artikulation meines Unbehagens in unserer politischen Landschaft.<br \/>\n<em>_G\u00fcnter:<\/em> Ja, denn all das hat mir keine Ruhe mehr gelassen: Warum macht von denen \u201eda drau\u00dfen\u201c keiner was? Ein Polit-Skandal nach dem anderen wird aufgedeckt, die Strafgerichte besch\u00e4ftigen sich mit unserer Obrigkeit, Gelder verschwinden, es kommt sogar zu Verurteilungen. Alle konzentrieren sich auf ihre eigenen Belange und kaum einen interessiert wirklich das Land oder die Bev\u00f6lkerung. Was ist mit den K\u00e4rntnerinnen und K\u00e4rntnern los, schlafen die alle? Haben die etwa Angst? Und warum mache ich selbst nichts und bleibe mitten in der Herde sitzen?<br \/>\n<em>_Barbara:<\/em> Einigerma\u00dfen verwundert habe ich mich gefragt, warum du gerade mir das alles erz\u00e4hlst, auch wenn mir dein Gr\u00fcbeln irgendwie bekannt vorgekommen ist.<br \/>\n<em>_G\u00fcnter:<\/em> Ich hatte mir Gedanken dar\u00fcber gemacht, dass, wenn schon nicht die K\u00fcnstler, die beim Versagen der Politik als kreatives Gehirn einzuspringen verm\u00f6gen, ein Statement setzen, wer denn dann aktiv werden soll. Und ich wollte wissen: Dr\u00e4ngt es dich nicht auch dazu, endlich etwas zu tun?<br \/>\n<em>_Barbara:<\/em> Ja, schon lange! Viele meiner Kolleginnen und Kollegen waren und sind in ihrem Schaffen auch l\u00e4ngst gesellschaftspolitisch aktiv. Bis auf einige Ausnahmen sind aber diese Stimmen aus den Nischen, den gesch\u00fctzten R\u00e4umen wohl noch nicht entsprechend herausgeklungen. Vielleicht liegt es ja daran, dass es viele Einzelne sind.<br \/>\n<em>_G\u00fcnter:<\/em> Was, wenn wir sie einfach zusammenrufen? Gerade das freie kreative k\u00fcnstlerische Denken ist doch ein riesiges Potential, das allerdings bei der L\u00f6sung politischer Fragen derzeit unber\u00fccksichtigt bleibt. Und sag mir, was meinst du: Liegt es an den Strukturen, den Parteien oder direkt an den handelnden Personen, dass sich dieses bedr\u00fcckende Klima in K\u00e4rnten seit Jahren h\u00e4lt?<br \/>\n<em>_Barbara:<\/em> Was wei\u00df ich!? Ist es prinzipiell unsere Gesellschaftsstruktur, die gerade in K\u00e4rnten und \u00d6sterreich dieses &#171;gef\u00e4lligst den Mund halten&#187; pflegt? Gefesselt und geknebelt von der anerzogenen Unterw\u00fcrfigkeit f\u00e4llt es nicht leicht, den Schritt nach drau\u00dfen zu wagen, \u00f6ffentlich eine Meinung zu artikulieren. Sowas kann einigerma\u00dfen unbequem werden \u2026<br \/>\n<em>_G\u00fcnter:<\/em> Tja, ist ja auch bei mir so. Ich hatte bisher keine Notwendigkeit gesehen mich politisch zu besch\u00e4ftigen. Das hatte \u00fcber Jahre eigentlich recht gut geklappt. Aber jetzt wird es knapp. Wir haben die Zivilcourage verlernt, weil sie bisher nicht notwendig war.<br \/>\n<em>_Barbara:<\/em> Notwendiger als heute wird\u2019s hoffentlich nicht werden! Und die Beherzten sind ja nicht ausgestorben. Du setzt deine Hoffnung auf einen Wandel also in die K\u00fcnstlerschaft?<br \/>\n<em>_G\u00fcnter:<\/em> Auch. Ich z\u00e4hle auf die Kraft des Ansporns, eine Aufl\u00f6sung der Grenzen zwischen \u201efrei\u201c und \u201eunfrei\u201c, zwischen \u201ekreativ\u201c und \u201enicht so kreativ\u201c. Eine k\u00fcnstlerische Aufarbeitung politischer Themen. Eine Verschr\u00e4nkung von Politik und Kunst. Politik k\u00fcnstlerisch beleuchtet und erleuchtet, das w\u00e4re doch sch\u00f6n, oder?<br \/>\n<em>_Barbara:<\/em> Die Kunst als Erleuchterin &#8211; alle Achtung! Diese Marter wollen wir ihr besser ersparen. Ich sehe den Anreiz zur Verschiebung von Perspektiven, das Zulassen anderer Sichtweisen, wer auch immer sich darauf einlassen mag.<br \/>\n<em>_G\u00fcnter:<\/em> Ja, das ist es, die Perspektive wechseln! Gedachte Grenzen hinterfragen. Dann findet man auch neue Ans\u00e4tze. Das mit der Erleuchtung ist in dem Dunkel hier vielleicht einfacher als gedacht.<br \/>\n<em>_Barbara:<\/em> Packen wir\u2019s also an! Stellen wir gemeinsam den Schmutzk\u00fcbel auf den Kopf &#8211; und machen Licht. Ob und wo es hineingelassen wird, m\u00fcssen wir nicht wissen.<br \/>\n<em>_G\u00fcnter:<\/em> Soll ich dir was sagen? Ich freue mich schon so richtig drauf, endlich etwas zu tun!<\/p>\n<p style=\"text-align: right;\">Dieses Gespr\u00e4ch ist in der im J\u00e4nner 2013 im Drava Verlag herausgegebenen Publikation<br \/>\n<a href=\"http:\/\/www.freiraumk.com\/?page_id=474\">Schmutzk\u00fcbelK&#8230; Eine Intervention | Kunst:Politik<\/a><br \/>\nals Vorwort abgedruckt.<\/p>\n<p style=\"text-align: right;\"><a style=\"font-size: x-small;\" href=\"javascript:history.back()\">zur\u00fcck<\/a><\/p>\n","protected":false},"excerpt":{"rendered":"<p>Deshalb FreiraumK Ein Gespr\u00e4ch zwischen den FreiraumK-Gr\u00fcndungsmitgliedern G\u00fcnter Medweschek und Barbara Rapp _Barbara: Wie war ich verbl\u00fcfft, vor einigen Monaten, als du &#8211; so ein Rechtsanwalt aus Klagenfurt &#8211; auf mich zugekommen bist. Unerwartet deine Fragen, wie etwa die nach &hellip; <a href=\"http:\/\/www.freiraumk.com\/?page_id=662\">Continue reading <span class=\"meta-nav\">&rarr;<\/span><\/a><\/p>\n","protected":false},"author":2,"featured_media":0,"parent":5,"menu_order":0,"comment_status":"open","ping_status":"open","template":"showcase.php","meta":[],"_links":{"self":[{"href":"http:\/\/www.freiraumk.com\/index.php?rest_route=\/wp\/v2\/pages\/662"}],"collection":[{"href":"http:\/\/www.freiraumk.com\/index.php?rest_route=\/wp\/v2\/pages"}],"about":[{"href":"http:\/\/www.freiraumk.com\/index.php?rest_route=\/wp\/v2\/types\/page"}],"author":[{"embeddable":true,"href":"http:\/\/www.freiraumk.com\/index.php?rest_route=\/wp\/v2\/users\/2"}],"replies":[{"embeddable":true,"href":"http:\/\/www.freiraumk.com\/index.php?rest_route=%2Fwp%2Fv2%2Fcomments&post=662"}],"version-history":[{"count":6,"href":"http:\/\/www.freiraumk.com\/index.php?rest_route=\/wp\/v2\/pages\/662\/revisions"}],"predecessor-version":[{"id":671,"href":"http:\/\/www.freiraumk.com\/index.php?rest_route=\/wp\/v2\/pages\/662\/revisions\/671"}],"up":[{"embeddable":true,"href":"http:\/\/www.freiraumk.com\/index.php?rest_route=\/wp\/v2\/pages\/5"}],"wp:attachment":[{"href":"http:\/\/www.freiraumk.com\/index.php?rest_route=%2Fwp%2Fv2%2Fmedia&parent=662"}],"curies":[{"name":"wp","href":"https:\/\/api.w.org\/{rel}","templated":true}]}}

<p style="text-align: right;"><strong>Deshalb FreiraumK</strong><br />
Ein Gespräch zwischen den FreiraumK-Gründungsmitgliedern<br />
Günter Medweschek und Barbara Rapp</p>
<p style="text-align: left;"><em>_Barbara:</em> Wie war ich verblüfft, vor einigen Monaten, als du &#8211; so ein Rechtsanwalt aus Klagenfurt &#8211; auf mich zugekommen bist. Unerwartet deine Fragen, wie etwa die nach den Gründen für die Artikulation meines Unbehagens in unserer politischen Landschaft.<br />
<em>_Günter:</em> Ja, denn all das hat mir keine Ruhe mehr gelassen: Warum macht von denen „da draußen“ keiner was? Ein Polit-Skandal nach dem anderen wird aufgedeckt, die Strafgerichte beschäftigen sich mit unserer Obrigkeit, Gelder verschwinden, es kommt sogar zu Verurteilungen. Alle konzentrieren sich auf ihre eigenen Belange und kaum einen interessiert wirklich das Land oder die Bevölkerung. Was ist mit den Kärntnerinnen und Kärntnern los, schlafen die alle? Haben die etwa Angst? Und warum mache ich selbst nichts und bleibe mitten in der Herde sitzen?<br />
<em>_Barbara:</em> Einigermaßen verwundert habe ich mich gefragt, warum du gerade mir das alles erzählst, auch wenn mir dein Grübeln irgendwie bekannt vorgekommen ist.<br />
<em>_Günter:</em> Ich hatte mir Gedanken darüber gemacht, dass, wenn schon nicht die Künstler, die beim Versagen der Politik als kreatives Gehirn einzuspringen vermögen, ein Statement setzen, wer denn dann aktiv werden soll. Und ich wollte wissen: Drängt es dich nicht auch dazu, endlich etwas zu tun?<br />
<em>_Barbara:</em> Ja, schon lange! Viele meiner Kolleginnen und Kollegen waren und sind in ihrem Schaffen auch längst gesellschaftspolitisch aktiv. Bis auf einige Ausnahmen sind aber diese Stimmen aus den Nischen, den geschützten Räumen wohl noch nicht entsprechend herausgeklungen. Vielleicht liegt es ja daran, dass es viele Einzelne sind.<br />
<em>_Günter:</em> Was, wenn wir sie einfach zusammenrufen? Gerade das freie kreative künstlerische Denken ist doch ein riesiges Potential, das allerdings bei der Lösung politischer Fragen derzeit unberücksichtigt bleibt. Und sag mir, was meinst du: Liegt es an den Strukturen, den Parteien oder direkt an den handelnden Personen, dass sich dieses bedrückende Klima in Kärnten seit Jahren hält?<br />
<em>_Barbara:</em> Was weiß ich!? Ist es prinzipiell unsere Gesellschaftsstruktur, die gerade in Kärnten und Österreich dieses &#171;gefälligst den Mund halten&#187; pflegt? Gefesselt und geknebelt von der anerzogenen Unterwürfigkeit fällt es nicht leicht, den Schritt nach draußen zu wagen, öffentlich eine Meinung zu artikulieren. Sowas kann einigermaßen unbequem werden …<br />
<em>_Günter:</em> Tja, ist ja auch bei mir so. Ich hatte bisher keine Notwendigkeit gesehen mich politisch zu beschäftigen. Das hatte über Jahre eigentlich recht gut geklappt. Aber jetzt wird es knapp. Wir haben die Zivilcourage verlernt, weil sie bisher nicht notwendig war.<br />
<em>_Barbara:</em> Notwendiger als heute wird’s hoffentlich nicht werden! Und die Beherzten sind ja nicht ausgestorben. Du setzt deine Hoffnung auf einen Wandel also in die Künstlerschaft?<br />
<em>_Günter:</em> Auch. Ich zähle auf die Kraft des Ansporns, eine Auflösung der Grenzen zwischen „frei“ und „unfrei“, zwischen „kreativ“ und „nicht so kreativ“. Eine künstlerische Aufarbeitung politischer Themen. Eine Verschränkung von Politik und Kunst. Politik künstlerisch beleuchtet und erleuchtet, das wäre doch schön, oder?<br />
<em>_Barbara:</em> Die Kunst als Erleuchterin &#8211; alle Achtung! Diese Marter wollen wir ihr besser ersparen. Ich sehe den Anreiz zur Verschiebung von Perspektiven, das Zulassen anderer Sichtweisen, wer auch immer sich darauf einlassen mag.<br />
<em>_Günter:</em> Ja, das ist es, die Perspektive wechseln! Gedachte Grenzen hinterfragen. Dann findet man auch neue Ansätze. Das mit der Erleuchtung ist in dem Dunkel hier vielleicht einfacher als gedacht.<br />
<em>_Barbara:</em> Packen wir’s also an! Stellen wir gemeinsam den Schmutzkübel auf den Kopf &#8211; und machen Licht. Ob und wo es hineingelassen wird, müssen wir nicht wissen.<br />
<em>_Günter:</em> Soll ich dir was sagen? Ich freue mich schon so richtig drauf, endlich etwas zu tun!</p>
<p style="text-align: right;">Dieses Gespräch ist in der im Jänner 2013 im Drava Verlag herausgegebenen Publikation<br />
<a href="http://www.freiraumk.com/?page_id=474">SchmutzkübelK&#8230; Eine Intervention | Kunst:Politik</a><br />
als Vorwort abgedruckt.</p>
<p style="text-align: right;"><a style="font-size: x-small;" href="javascript:history.back()">zurück</a></p>

<p>Deshalb FreiraumK Ein Gespräch zwischen den FreiraumK-Gründungsmitgliedern Günter Medweschek und Barbara Rapp _Barbara: Wie war ich verblüfft, vor einigen Monaten, als du &#8211; so ein Rechtsanwalt aus Klagenfurt &#8211; auf mich zugekommen bist. Unerwartet deine Fragen, wie etwa die nach &hellip; <a href="http://www.freiraumk.com/?page_id=662">Continue reading <span class="meta-nav">&rarr;</span></a></p>
