{"id":824,"date":"2013-02-19T17:04:50","date_gmt":"2013-02-19T16:04:50","guid":{"rendered":"http:\/\/www.freiraumk.com\/?page_id=824"},"modified":"2013-02-25T12:57:33","modified_gmt":"2013-02-25T11:57:33","slug":"28-02-2013-europahaus","status":"publish","type":"page","link":"http:\/\/www.freiraumk.com\/?page_id=824","title":{"rendered":"8.02.2013 Europahaus"},"content":{"rendered":"<p>Schmutzk\u00fcbelkampagne | Intervention Kunst:Politik<br \/>\n<strong>Film Ausstellung Diskurs<\/strong> mit <strong>B\u00fcchertisch FreiraumK<\/strong><br \/>\n<strong>DO 28.02.2013 um 18:30 Uhr<\/strong><br \/>\n<strong>Europahaus, Reitschulgasse 4, 9020 Klagenfurt<\/strong><\/p>\n<p><strong><\/strong>Filmvorf\u00fchrung &#8211; Robert Schabus<strong> &#171;How can you call it Heimat&#187; <\/strong><img loading=\"lazy\" class=\" wp-image-869 alignleft\" title=\"How can you call it Heimat, R. Schabus\" src=\"http:\/\/www.freiraumk.com\/wp-content\/uploads\/Schabus_How-can-you-call-it-Heimat_Videostill-300x168.jpg\" alt=\"\" width=\"300\" height=\"168\" srcset=\"http:\/\/www.freiraumk.com\/wp-content\/uploads\/Schabus_How-can-you-call-it-Heimat_Videostill-300x168.jpg 300w, http:\/\/www.freiraumk.com\/wp-content\/uploads\/Schabus_How-can-you-call-it-Heimat_Videostill-500x281.jpg 500w, http:\/\/www.freiraumk.com\/wp-content\/uploads\/Schabus_How-can-you-call-it-Heimat_Videostill.jpg 1001w\" sizes=\"(max-width: 300px) 100vw, 300px\" \/><\/p>\n<p>Anschlie\u00dfend bitten Historiker Werner Koroschitz, Psychologin und Psychotherapeutin Michaela Okorn sowie Filmemacher Robert Schabus zur <strong>Gespr\u00e4chsrunde &#171;Heimat&#187; | &#171;K\u00e4rnten verlassen oder bleiben?&#187;<\/strong><\/p>\n<p>Die Mitwirkung weiterer DiskussionspartnerInnen und der gesch\u00e4tzten G\u00e4ste ist herzlich willkommen!<\/p>\n<p>Intro FreiraumK mit G\u00fcnter Medweschek + <strong>Ausstellung politischer Statements als Bild, Objekt und Installation<\/strong> von Mostafa Elrhandouri, Zdravko Haderlap, Richard Klammer, Dorothea Maria Mischitz, Michaela Okorn, Ludwig Riedmann, Friedrich J. Tragauer, Ronald Zechner, Lily Pril uvm.<\/p>\n<p>Details zum Film &#171;How can you call it Heimat&#187; 2006<br \/>\nRecherche: Werner Koroschitz | Redaktion: Robert Schabus, Werner Koroschitz<br \/>\nKamera, Schnitt: Robert Schabus | Produktion: Verein f\u00fcr Industriekultur und Alltagsgeschichte<\/p>\n<p>Kontakt: 0463-276020-10 | <a href=\"mailto: 123@wratschko.info\">123@wratschko.info<\/a> | Michaela Okorn, Walter Wratschko<\/p>\n<p style=\"text-align: right;\"><a style=\"font-size: x-small;\" href=\"javascript:history.back()\">zur\u00fcck<\/a><\/p>\n","protected":false},"excerpt":{"rendered":"<p>Schmutzk\u00fcbelkampagne | Intervention Kunst:Politik Film Ausstellung Diskurs mit B\u00fcchertisch FreiraumK DO 28.02.2013 um 18:30 Uhr Europahaus, Reitschulgasse 4, 9020 Klagenfurt Filmvorf\u00fchrung &#8211; Robert Schabus &#171;How can you call it Heimat&#187; Anschlie\u00dfend bitten Historiker Werner Koroschitz, Psychologin und Psychotherapeutin Michaela Okorn &hellip; <a href=\"http:\/\/www.freiraumk.com\/?page_id=824\">Continue reading <span class=\"meta-nav\">&rarr;<\/span><\/a><\/p>\n","protected":false},"author":2,"featured_media":0,"parent":13,"menu_order":0,"comment_status":"open","ping_status":"open","template":"showcase.php","meta":[],"_links":{"self":[{"href":"http:\/\/www.freiraumk.com\/index.php?rest_route=\/wp\/v2\/pages\/824"}],"collection":[{"href":"http:\/\/www.freiraumk.com\/index.php?rest_route=\/wp\/v2\/pages"}],"about":[{"href":"http:\/\/www.freiraumk.com\/index.php?rest_route=\/wp\/v2\/types\/page"}],"author":[{"embeddable":true,"href":"http:\/\/www.freiraumk.com\/index.php?rest_route=\/wp\/v2\/users\/2"}],"replies":[{"embeddable":true,"href":"http:\/\/www.freiraumk.com\/index.php?rest_route=%2Fwp%2Fv2%2Fcomments&post=824"}],"version-history":[{"count":34,"href":"http:\/\/www.freiraumk.com\/index.php?rest_route=\/wp\/v2\/pages\/824\/revisions"}],"predecessor-version":[{"id":925,"href":"http:\/\/www.freiraumk.com\/index.php?rest_route=\/wp\/v2\/pages\/824\/revisions\/925"}],"up":[{"embeddable":true,"href":"http:\/\/www.freiraumk.com\/index.php?rest_route=\/wp\/v2\/pages\/13"}],"wp:attachment":[{"href":"http:\/\/www.freiraumk.com\/index.php?rest_route=%2Fwp%2Fv2%2Fmedia&parent=824"}],"curies":[{"name":"wp","href":"https:\/\/api.w.org\/{rel}","templated":true}]}}