{"id":852,"date":"2013-02-20T09:16:00","date_gmt":"2013-02-20T08:16:00","guid":{"rendered":"http:\/\/www.freiraumk.com\/?page_id=852"},"modified":"2013-02-21T09:38:35","modified_gmt":"2013-02-21T08:38:35","slug":"24-02-2013-villach","status":"publish","type":"page","link":"http:\/\/www.freiraumk.com\/?page_id=852","title":{"rendered":"24.02.2013 Villach | Egyd Gst\u00e4ttner und Werner Schneyder"},"content":{"rendered":"<p style=\"text-align: left;\"><strong>&#171;Die Rache der Gutmenschen&#187;<\/strong><br \/>\nSatirischer Diskurs zur politischen Situation in unserem Land mit<br \/>\n<strong> EGYD GST\u00c4TTNER <\/strong>und<strong> WERNER SCHNEYDER<\/strong><br \/>\n<strong> als unmissverst\u00e4ndliche Anregung an ALLE zum Mitdenken und Mitreden<\/strong><br \/>\n[ moderiert von Herbert Gantschacher | FreiraumK ]<br \/>\n<strong>SONNTAG, 24. Februar 2013 um 11 Uhr<\/strong><br \/>\nEintritt frei<\/p>\n<p><img loading=\"lazy\" class=\"wp-image-880 alignnone\" style=\"margin: 0px;\" title=\"Die Rache der Gutmenschen\" src=\"http:\/\/www.freiraumk.com\/wp-content\/uploads\/bannerSchneyderGst\u00e4ttner-1024x398.jpg\" alt=\"\" width=\"617\" height=\"239\" srcset=\"http:\/\/www.freiraumk.com\/wp-content\/uploads\/bannerSchneyderGst\u00e4ttner-1024x398.jpg 1024w, http:\/\/www.freiraumk.com\/wp-content\/uploads\/bannerSchneyderGst\u00e4ttner-300x116.jpg 300w, http:\/\/www.freiraumk.com\/wp-content\/uploads\/bannerSchneyderGst\u00e4ttner-500x194.jpg 500w\" sizes=\"(max-width: 617px) 100vw, 617px\" \/><span style=\"font-size: x-small;\"><br \/>\n(Foto: Rameder | Montage: FreiraumK)<\/span><\/p>\n<p style=\"text-align: left;\"><strong><em>&gt; Wo es keine Opposition gibt, darf nicht nur die Kunst in die Bresche springen &lt;<\/em><\/strong><\/p>\n<p style=\"text-align: left;\">Zum Nachlesen am B\u00fcchertisch: <strong>Schmutzk\u00fcbelK\u2026 Eine Intervention | Kunst:Politik<\/strong><br \/>\nDrava ISBN 978-3-83435-710-0<\/p>\n<p style=\"text-align: left;\">Stellen wir uns das einmal vor: In den letzten Jahren wurde in K\u00e4rnten m\u00e4chtig viel Dreck produziert und egal, wo und was jemand sucht, taucht irgendwann auch eine Portion Schmutz mit auf. Diese graue, z\u00e4he, schleimige Masse brodelt unter der por\u00f6sen Kruste. Und an der Spitze stehen herrschende Landesf\u00fcrsten lachend und feiernd und sich damit br\u00fcstend, dass \u201eihr K\u00e4rnten\u201c noch nie so sch\u00f6n und toll und sauber war wie heute.<\/p>\n<p style=\"text-align: left;\">Schmutzk\u00fcbelK\u2026 geht der Sache auf den Grund!<\/p>\n<p style=\"text-align: left;\">Mittlerweile mehr als sechzig Kunstschaffende, die unser Land mit all seinen charmanten Ecken und Kanten lieben, helfen jetzt beim Abtransport. Wenn Klartext keine leere Floskel bleibt, bl\u00e4st frischer Wind ins sandige Getriebe.<\/p>\n<p style=\"text-align: left;\">Mit <strong>Ausstellung politischer Statements als Bild, Objekt und Installation<\/strong> von Katrin Ackerl Konstantin, \u201cAmoh\u201d Mary Luiza Mischitz, Birgit Bachmann, Simone Dueller, Mostafa Elrhandouri, Peter Kohl, Gerhard Leeb mit der Mazze, Lily Pril, Barbara Rapp, Friedrich J. Tragauer, Christiane Sch\u00fctte, Doro Unkel, Josef Zore, etc.<\/p>\n<p style=\"text-align: left;\">Galerie Offenes Atelier D.U.Design, Postgasse 6, 9500 Villach<br \/>\n<a href=\"http:\/\/ www.offenesatelier.com\" target=\"_blank\"> www.offenesatelier.com<\/a><br \/>\nKontakt: office@FreiraumK.com | 0664 926 2 926<\/p>\n<p style=\"text-align: right;\"><a style=\"font-size: x-small;\" href=\"javascript:history.back()\">zur\u00fcck<\/a><\/p>\n","protected":false},"excerpt":{"rendered":"<p>&#171;Die Rache der Gutmenschen&#187; Satirischer Diskurs zur politischen Situation in unserem Land mit EGYD GST\u00c4TTNER und WERNER SCHNEYDER als unmissverst\u00e4ndliche Anregung an ALLE zum Mitdenken und Mitreden [ moderiert von Herbert Gantschacher | FreiraumK ] SONNTAG, 24. Februar 2013 um &hellip; <a href=\"http:\/\/www.freiraumk.com\/?page_id=852\">Continue reading <span class=\"meta-nav\">&rarr;<\/span><\/a><\/p>\n","protected":false},"author":2,"featured_media":0,"parent":13,"menu_order":0,"comment_status":"open","ping_status":"open","template":"showcase.php","meta":[],"_links":{"self":[{"href":"http:\/\/www.freiraumk.com\/index.php?rest_route=\/wp\/v2\/pages\/852"}],"collection":[{"href":"http:\/\/www.freiraumk.com\/index.php?rest_route=\/wp\/v2\/pages"}],"about":[{"href":"http:\/\/www.freiraumk.com\/index.php?rest_route=\/wp\/v2\/types\/page"}],"author":[{"embeddable":true,"href":"http:\/\/www.freiraumk.com\/index.php?rest_route=\/wp\/v2\/users\/2"}],"replies":[{"embeddable":true,"href":"http:\/\/www.freiraumk.com\/index.php?rest_route=%2Fwp%2Fv2%2Fcomments&post=852"}],"version-history":[{"count":19,"href":"http:\/\/www.freiraumk.com\/index.php?rest_route=\/wp\/v2\/pages\/852\/revisions"}],"predecessor-version":[{"id":892,"href":"http:\/\/www.freiraumk.com\/index.php?rest_route=\/wp\/v2\/pages\/852\/revisions\/892"}],"up":[{"embeddable":true,"href":"http:\/\/www.freiraumk.com\/index.php?rest_route=\/wp\/v2\/pages\/13"}],"wp:attachment":[{"href":"http:\/\/www.freiraumk.com\/index.php?rest_route=%2Fwp%2Fv2%2Fmedia&parent=852"}],"curies":[{"name":"wp","href":"https:\/\/api.w.org\/{rel}","templated":true}]}}